(base 14) in base 2?
-1001111
226 (base 10) to base 12
16a
-442 (base 6) to base 16
-aa
What is -7a (base 11) in base 3?
-10020
What is 123 (base 11) in base 15?
9b
42 (base 6) to base 16
1a
5 (base 13) to base 8
5
2 (base 3) to base 13
2
Convert -4 (base 9) to base 5.
-4
Convert -233 (base 4) to base 8.
-57
11 (base 8) to base 15
9
Convert -9 (base 16) to base 9.
-10
-1 (base 6) to base 5
-1
What is 1200 (base 3) in base 12?
39
Convert -450 (base 8) to base 16.
-128
-2 (base 6) to base 12
-2
Convert 1000 (base 3) to base 5.
102
Convert 8 (base 14) to base 8.
10
What is 0 (base 6) in base 8?
0
110111 (base 2) to base 8
67
What is -1 (base 12) in base 16?
-1
1 (base 3) to base 10
1
What is -2 (base 9) in base 11?
-2
0 (base 3) to base 12
0
Convert 414 (base 5) to base 6.
301
Convert 78 (base 9) to base 14.
51
Convert a (base 12) to base 14.
a
Convert 12 (base 7) to base 14.
9
Convert 2 (base 6) to base 9.
2
Convert -b (base 14) to base 11.
-10
Convert -1 (base 15) to base 3.
-1
-201 (base 3) to base 7
-25
What is 0 (base 3) in base 9?
0
What is 3 (base 16) in base 5?
3
Convert 2a (base 11) to base 10.
32
What is 213 (base 7) in base 10?
108
31 (base 12) to base 7
52
100 (base 2) to base 15
4
Convert -1 (base 12) to base 5.
-1
Convert 50 (base 11) to base 14.
3d
-82 (base 14) to base 6
-310
7b (base 15) to base 10
116
-123 (base 5) to base 15
-28
18 (base 12) to base 6
32
What is 110101 (base 2) in base 9?
58
What is -3 (base 15) in base 2?
-11
Convert -24 (base 14) to base 10.
-32
1 (base 16) to base 6
1
-2 (base 5) to base 13
-2
What is 26 (base 11) in base 14?
20
What is 3 (base 10) in base 9?
3
7 (base 15) to base 10
7
-6 (base 15) to base 3
-20
150 (base 6) to base 11
60
What is -6 (base 8) in base 16?
-6
Convert 282 (base 9) to base 13.
152
Convert 40 (base 7) to base 10.
28
Convert -1 (base 14) to base 2.
-1
1 (base 14) to base 12
1
What is -73 (base 10) in base 16?
-49
What is 52 (base 15) in base 6?
205
What is 21 (base 15) in base 10?
31
What is 121 (base 3) in base 6?
24
Convert -10 (base 6) to base 13.
-6
3 (base 7) to base 14
3
What is -10 (base 3) in base 4?
-3
Convert 1 (base 9) to base 7.
1
-157 (base 8) to base 6
-303
8 (base 11) to base 14
8
What is -4 (base 7) in base 11?
-4
What is 8 (base 9) in base 16?
8
What is -39 (base 15) in base 9?
-60
What is -403 (base 5) in base 2?
-1100111
Convert -1 (base 13) to base 10.
-1
-44 (base 6) to base 13
-22
f (base 16) to base 3
120
What is 7 (base 12) in base 5?
12
Convert -4 (base 6) to base 16.
-4
3 (base 12) to base 16
3
What is -1000101 (base 2) in base 7?
-126
What is 1011010 (base 2) in base 6?
230
-10 (base 15) to base 13
-12
Convert -1001 (base 3) to base 5.
-103
What is 1 (base 3) in base 6?
1
2 (base 8) to base 3
2
Convert -10110100 (base 2) to base 7.
-345
What is 332 (base 7) in base 6?
442
What is -51 (base 8) in base 4?
-221
14 (base 12) to base 7
22
2bb (base 12) to base 3
120222
What is 11 (base 11) in base 12?
10
What is 4 (base 9) in base 11?
4
-ab (base 14) to base 4
-2113
What is 13 (base 6) in base 15?
9
What is -3 (base 16) in base 2?
-11
What is -20 (base 13) in base 6?
-42
Convert 1110100 (base 2) to base 14.
84
Convert 220 (base 5) to base 3.
2020
What is 2 (base 12) in base 10?
2
Convert 23 (base 4) to base 15.
b
-3 (base 9) to base 2
-11
What is -7 (base 8) in base 10?
-7
What is 21b (base 12) in base 6?
1235
What is 76 (base 9) in base 16?
45
Convert -401 (base 5) to base 4.
-1211
What is -13 (base 4) in base 13?
-7
What is -4 (base 11) in base 4?
-10
111 (base 5) to base 11
29
What is -4 (base 9) in base 8?
-4
Convert 524 (base 6) to base 15.
d1
What is -7 (base 11) in base 12?
-7
Convert 0 (base 15) to base 7.
0
Convert -14 (base 8) to base 5.
-22
Convert 16 (base 11) to base 9.
18
-200 (base 8) to base 12
-a8
Convert -1 (base 16) to base 12.
-1
What is -10 (base 8) in base 11?
-8
Convert -1110 (base 2) to base 12.
-12
What is -21 (base 4) in base 8?
-11
-1a (base 16) to base 14
-1c
What is 1 (base 5) in base 13?
1
Convert -3 (base 4) to base 13.
-3
What is 17 (base 9) in base 16?
10
Convert 14 (base 9) to base 10.
13
5 (base 6) to base 14
5
What is 1a (base 16) in base 12?
22
Convert -10 (base 3) to base 15.
-3
24 (base 5) to base 7
20
What is 101 (base 3) in base 15?
a
What is -c1 (base 14) in base 9?
-207
What is -89 (base 14) in base 13?
-94
What is 3 (base 13) in base 2?
11
Convert -21 (base 5) to base 16.
-b
What is -1 (base 3) in base 12?
-1
b (base 16) to base 7
14
66 (base 14) to base 13
6c
-1202 (base 5) to base 13
-108
1 (base 3) to base 8
1
What is 1 (base 4) in base 9?
1
2 (base 14) to base 13
2
What is 80 (base 12) in base 15?
66
Convert 4 (base 14) to base 5.
4
What is -178 (base 10) in base 7?
-343
101 (base 3) to base 13
a
-54 (base 14) to base 13
-59
What is 156 (base 7) in base 5?
330
Convert 4c (base 13) to base 2.
1000000
What is 1100 (base 3) in base 9?
40
What is 3 (base 5) in base 6?
3
Convert 58 (base 10) to base 16.
3a
What is 3 (base 16) in base 6?
3
What is 1001 (base 2) in base 11?
9
-10012 (base 3) to base 10
-86
What is 11 (base 5) in base 9?
6
-210 (base 3) to base 15
-16
-32 (base 7) to base 16
-17
What is -164 (base 15) in base 11?
-270
Convert 12 (base 11) to base 16.
d
Convert -6 (base 9) to base 10.
-6
-2 (base 8) to base 7
-2
0 (base 10) to base 12
0
Convert -3 (base 10) to base 8.
-3
What is 51 (base 9) in base 12?
3a
What is 331 (base 4) in base 9?
67
Convert -33 (base 13) to base 2.
-101010
184 (base 16) to base 10
388
-40 (base 12) to base 2
-110000
-a (base 14) to base 7
-13
Convert 270 (base 8) to base 7.
352
What is 6a (base 11) in base 16?
4c
Convert -153 (base 11) to base 2.
-10110011
9 (base 14) to base 8
11
What is -10 (base 6) in base 12?
-6
Convert -4 (base 9) to base 15.
-4
What is 22 (base 3) in base 12?
8
4 (base 8) to base 5
4
Convert -6 (base 9) to base 8.
-6
Convert 2 (base 8) to base 14.
2
What is 45 (base 7) in base 14?
25
What is -1 (base 6) in base 5?
-1
-13 (base 16) to base 6
-31
-11 (base 2) to base 13
-3
What is 3 (base 13) in base 11?
3
Convert -2 (base 10) to base 9.
-2
What is 1 (base 16) in base 13?
1
What is 111 (base 12) in base 11?
133
Convert 110100 (base 2) to base 3.
1221
What is -13 (base 4) in base 7?
-10
0 (base 13) to base 12
0
-11 (base 5) to base 13
-6
Convert 40 (base 10) to base 6.
104
What is -46 (base 10) in base 12?
-3a
-4 (base 13) to base 11
-4
What is 1 (base 4) in base 16?
1
1000 (base 3) to base 6
43
-200 (base 7) to base 16
-62
Convert 0 (base 8) to base 12.
0
Convert 5 (base 6) to base 16.
5
Convert 0 (base 2) to base 5.
0
d (base 15) to base 8
15
What is 26 (base 8) in base 7?
31
Convert 10 (base 9) to base 15.
9
What is -4 (base 5) in base 10?
-4
3 (base 15) to base 3
10
What is 4 (base 12) in base 13?
4
1 (base 11) to base 14
1
Convert 2 (base 14) to base 5.
2
3 (base 10) to base 5
3
What is -4 (base 14) in base 12?
-4
Convert -3 (base 14) to base 10.
-3
What is -4 (base 8) in base 10?
-4
Convert -2 (base 11) to base 6.
-2
Convert 2 (base 8) to base 11.
2
What is 215 (base 8) in base 7?
261
8 (base 9) to base 13
8
Convert -24 (base 14) to base 10.
-32
Convert 1011 (base 3) to base 15.
21
What is 124 (base 5) in base 13?
30
2013 (base 5) to base 11
215
-200 (base 3) to base 4
-102
What is 0 (base 9) in base 13?
0
-126 (base 7) to base 6
-153
Convert -10100110 (base 2) to base 12.
-11a
9 (base 12) to base 16
9
What is -20 (base 3) in base 8?
-6
What is -421 (base 5) in base 8?
-157
What is -101 (base 2) in base 13?
-5
What is 107 (base 12) in base 4?
2113
c (base 13) to base 7
15
-12000 (base 3) to base 5
-1020
-11 (base 10) to base 14
-b
What is -452 (base 6) in base 2?
-10110000
Convert -10 (base 3) to base 5.
-3
-10 (base 2) to base 9
-2
What is 5 (base 8) in base 6?
5
What is -4 (base 11) in base 5?
-4
120 (base 4) to base 9
26
-5 (base 7) to base 10
-5
What is -136 (base 7) in base 2?
-1001100
1 (base 15) to base 6
1
What is -52 (base 11) in base 4?
-321
-30 (base 8) to base 4
-120
What is -70 (base 10) in base 13?
-55
Convert -a (base 13) to base 14.
-a
134 (base 6) to base 13
46
14 (base 5) to base 12
9
-2b (base 12) to base 5
-120
-10 (base 2) to base 4
-2
What is -31 (base 4) in base 15?
-d
Convert -4 (base 8) to base 11.
-4
Convert -33 (base 7) to b